+ -144?
111
In base 14, what is 179 + 34?
1ad
In base 16, what is -f8 - -32d?
235
In base 10, what is 4 - -1180407?
1180411
In base 8, what is 51 - 106506?
-106435
In base 14, what is 6 - 69869?
-69863
In base 2, what is 110101101100111 + 1?
110101101101000
In base 7, what is 3460 - 640?
2520
In base 11, what is 5492 + -56?
5437
In base 3, what is -10 - 1110112212221?
-1110112220001
In base 5, what is 44 + 12142?
12241
In base 11, what is 95a78 + 5?
95a82
In base 3, what is -10110 + -1002000020?
-1002010200
In base 5, what is -234030 + -23?
-234103
In base 12, what is -3a8206 - -2?
-3a8204
In base 6, what is -5 - 204505?
-204514
In base 5, what is 30 + 102400?
102430
In base 14, what is 3 - -31ba?
31bd
In base 4, what is 0 + 322110?
322110
In base 14, what is -dd63 - -2?
-dd61
In base 5, what is 1 + -243010403?
-243010402
In base 2, what is -10100010111011 + 1111?
-10100010101100
In base 9, what is -17305 + 7?
-17287
In base 10, what is -5 - 12722?
-12727
In base 5, what is 34 + -41320?
-41231
In base 13, what is 37737 - -4?
3773b
In base 15, what is -1 - 3966?
-3967
In base 13, what is 17 - -1001?
1018
In base 15, what is 18 + eae?
ec7
In base 16, what is -7749 + 5?
-7744
In base 4, what is -13 - 31131?
-31210
In base 9, what is 406 - -1204?
1611
In base 3, what is -101 - 101121?
-101222
In base 4, what is 11 - -12212213?
12212230
In base 4, what is -1 - 3220200110?
-3220200111
In base 5, what is 231 + -2210042?
-2204311
In base 3, what is -1 + 20022212?
20022211
In base 12, what is 194 + 5173?
5347
In base 12, what is 7 - 4565?
-455a
In base 4, what is 123200 + 100212?
230012
In base 6, what is -5151 + -15222?
-24413
In base 4, what is -2122302333 + 22?
-2122302311
In base 14, what is -20 - 19aca?
-19b0a
In base 13, what is -163 + -56?
-1b9
In base 14, what is -140 - 6b8?
-818
In base 10, what is 180477 - 2?
180475
In base 6, what is -12231 - 22?
-12253
In base 13, what is 37c47 - -3?
37c4a
In base 6, what is -1145442 + -1?
-1145443
In base 3, what is -201 - 100122102?
-100200010
In base 2, what is -10011110101001010 + 1100?
-10011110100111110
In base 9, what is 0 + 15865?
15865
In base 3, what is 201 - 1222020?
-1221112
In base 12, what is 20831 + -2?
2082b
In base 16, what is 1aebf + -2?
1aebd
In base 2, what is -110110 + 10001111?
1011001
In base 10, what is -1 + 72794?
72793
In base 6, what is 3 + 215203?
215210
In base 5, what is 2 - -34433?
34440
In base 11, what is -5 - 17850?
-17855
In base 13, what is 16040 - -2?
16042
In base 2, what is 10 - -11001101100111011?
11001101100111101
In base 11, what is a - -819?
828
In base 9, what is -11 - 1815?
-1826
In base 2, what is 11000100011 + 10011?
11000110110
In base 15, what is -3 - a60c?
-a610
In base 7, what is -1364412 - 3?
-1364415
In base 8, what is 26053 - 120?
25733
In base 4, what is 10 - -2123301000?
2123301010
In base 13, what is 12 - -39b0?
39c2
In base 9, what is -501 - -11237?
10636
In base 5, what is -1 - -11100301?
11100300
In base 14, what is 7944c - 1?
7944b
In base 7, what is 1211130 - -4?
1211134
In base 2, what is 1001001111100001 + 11?
1001001111100100
In base 4, what is -10 - 12230?
-12300
In base 5, what is -1 + 21404411?
21404410
In base 9, what is 101 + -57?
33
In base 14, what is 5 - 4735b?
-47356
In base 12, what is 2163 - -43?
21a6
In base 7, what is 3301 + -2510?
461
In base 13, what is -2 - -14099?
14097
In base 3, what is -122012112 + -1211?
-122021100
In base 15, what is -33d - -204?
-139
In base 12, what is 91a - -46?
964
In base 12, what is -326 + -355?
-67b
In base 13, what is -32792 + 6?
-32789
In base 15, what is -34 - 339?
-36d
In base 13, what is -1327a - 2c?
-132a9
In base 9, what is 3 + -11037?
-11034
In base 5, what is -443133 + -3?
-443141
In base 7, what is -1400235 + -16?
-1400254
In base 4, what is 20331203 + 2?
20331211
In base 13, what is 3415 + 3a?
3452
In base 3, what is 11122120 - 102?
11122011
In base 13, what is 38 + 2bc?
327
In base 8, what is -1 - -24227?
24226
In base 7, what is -135445 + 36?
-135406
In base 16, what is 3 - e6aa?
-e6a7
In base 8, what is -4 + -224662?
-224666
In base 16, what is 4 - -2026d?
20271
In base 8, what is 3 + -352032?
-352027
In base 10, what is -9983 + -284?
-10267
In base 15, what is -12 - 58a?
-59c
In base 7, what is -4036 + -33?
-4102
In base 5, what is -143023 - 12?
-143040
In base 11, what is 11 - 268a1?
-26890
In base 4, what is -2 + 3030011?
3030003
In base 7, what is -36500464 + 0?
-36500464
In base 12, what is -2 - 235804?
-235806
In base 15, what is 5 - 10e21?
-10e1b
In base 5, what is -204 + -204?
-413
In base 14, what is d93 + 1c?
db1
In base 3, what is -1210010 - -110?
-1202200
In base 12, what is 51 - -923?
974
In base 6, what is -13 - 2444?
-2501
In base 8, what is 65403 - -17?
65422
In base 14, what is 5 + -2073?
-206c
In base 14, what is 5675 + 61?
56d6
In base 3, what is -120010 + 120?
-112120
In base 5, what is -44 + 130332?
130233
In base 5, what is -3404 + 34?
-3320
In base 11, what is 0 - -26847?
26847
In base 10, what is -3029397 - 2?
-3029399
In base 14, what is -168 + 3c0?
256
In base 8, what is -3655 + -435?
-4312
In base 5, what is 110413143 - 10?
110413133
In base 4, what is -1310300 - -203?
-1310031
In base 14, what is -339 - -147?
-1d2
In base 7, what is 123404414 + -1?
123404413
In base 2, what is 10 - -1001000011100000010?
1001000011100000100
In base 11, what is -a7 + 452?
356
In base 5, what is 203 - -1422?
2130
In base 12, what is 213 - -a0?
2b3
In base 4, what is 122 - 3013001?
-3012213
In base 5, what is 311 - 4112?
-3301
In base 12, what is -12 - -34b2?
34a0
In base 13, what is 33 + 187?
1ba
In base 11, what is 333094 + -4?
333090
In base 7, what is -116331 + -3?
-116334
In base 3, what is -2021222 - -10?
-2021212
In base 16, what is a05 - 392?
673
In base 16, what is -9ad00 + 3?
-9acfd
In base 15, what is 2 + 341?
343
In base 10, what is -2326 + -16?
-2342
In base 14, what is -58894 + 0?
-58894
In base 14, what is -22 - -31d0d?
31ccb
In base 9, what is -1108 + -36?
-1145
In base 13, what is -14b78 - -4?
-14b74
In base 14, what is -12 + -1a36?
-1a48
In base 15, what is -301 - -19a?
-156
In base 5, what is 122 + 11031?
11203
In base 14, what is -31ba - -23?
-3197
In base 9, what is 31536 - -4?
31541
In base 9, what is 57001 + 6?
57007
In base 3, what is 12 + -200212110?
-200212021
In base 12, what is -28966 + 5?
-28961
In base 5, what is -113133410 + 2?
-113133403
In base 14, what is 10 - 21a6?
-2196
In base 15, what is -6 - 167c?
-1683
In base 2, what is -1000 + -1111010011010010?
-1111010011011010
In base 16, what is 2 - 5204?
-5202
In base 8, what is -4 - 226030?
-226034
In base 4, what is -120030 + 2232?
-111132
In base 6, what is 4312 + 154?
4510
In base 8, what is 132133 - 5?
132126
In base 12, what is 6 + -31804?
-317ba
In base 10, what is 169 - -80?
249
In base 4, what is -122002 - -1030?
-120312
In base 15, what is -5 + 47ec?
47e7
In base 2, what is -1011000 - -10010001001?
10000110001
In base 12, what is 6136 + 8?
6142
In base 4, what is 1103 - -3313210?
3320313
In base 15, what is 77 - -91a?
992
In base 15, what is -4 + -39eb4?
-39eb8
In base 6, what is -43445 + 15?
-43430
In base 6, what is -3 + 405532?
405525
In base 8, what is -5 + 10543?
10536
In base 16, what is f3 - ab?
48
In base 9, what is -402 + -138?
-541
In base 15, what is 66818 - 1?
66817
In base 11, what is 179a67 + -4?
179a63
In base 5, what is 140304 + -44?
140210
In base 15, what is 7e55 - 1d?
7e37
In base 5, what is -13022022 - 1?
-13022023
In base 5, what is -102342 + 11442?
-40400
In base 6, what is -14 - -1235310?
1235252
In base 9, what is -5 - -274607?
274602
In base 2, what is 11111010100111100 + 0?
11111010100111100
In base 15, what is 0 - 9b2ac?
-9b2ac
In base 2, what is 101011110 + 10100?
101110010
In base 5, what is -101443 + -33?
-102031
In base 6, what is -13432431 - -1?
-13432430
In base 15, what is -594 - 67?
-60b
In base 4, what is 120323 + 323?
121312
In base 16, what is -b260 - 4?
-b264
In base 7, what is -16501 + -2?
-16503
In base 14, what is 40b2 + 96?
4168
In base 11, what is 28102 - 8a?
28023
In base 16, what is 10 - 3f?
-2f
In base 2, what is 0 + 100111001001001?
100111001001001
In base 11, what is 537 - 1449?
-a12
In base 7, what is -1 + 554663?
554662
In base 4, wh